 is -110 (base 2) in base 15?
-6
What is 100 (base 2) in base 15?
4
What is 44 (base 14) in base 16?
3c
Convert -4 (base 6) to base 13.
-4
Convert -10010 (base 2) to base 9.
-20
-263 (base 9) to base 12
-163
Convert 100 (base 2) to base 5.
4
-79 (base 11) to base 9
-105
Convert -2303 (base 4) to base 7.
-344
What is -111 (base 12) in base 8?
-235
Convert -2 (base 7) to base 4.
-2
Convert -10000 (base 2) to base 14.
-12
Convert -2 (base 7) to base 4.
-2
What is 0 (base 8) in base 2?
0
12 (base 13) to base 9
16
What is 2 (base 9) in base 5?
2
What is 26 (base 15) in base 3?
1100
What is 5b (base 14) in base 11?
74
Convert 2 (base 5) to base 7.
2
What is -2 (base 12) in base 13?
-2
4 (base 11) to base 5
4
1 (base 13) to base 4
1
73 (base 8) to base 9
65
-88 (base 9) to base 8
-120
-2 (base 16) to base 7
-2
Convert 5 (base 6) to base 3.
12
What is 2 (base 5) in base 7?
2
-13 (base 7) to base 13
-a
-26 (base 11) to base 14
-20
-12b (base 12) to base 2
-10110011
8d (base 16) to base 3
12020
What is -3 (base 4) in base 5?
-3
3 (base 8) to base 5
3
-108 (base 13) to base 7
-342
-13 (base 15) to base 10
-18
-223 (base 4) to base 14
-31
58 (base 9) to base 11
49
Convert -2 (base 16) to base 15.
-2
80 (base 10) to base 2
1010000
-10100 (base 3) to base 5
-330
Convert 2 (base 15) to base 2.
10
-3 (base 16) to base 7
-3
Convert -3 (base 12) to base 3.
-10
Convert 5 (base 16) to base 13.
5
What is 30 (base 5) in base 3?
120
-4 (base 11) to base 7
-4
12 (base 14) to base 16
10
What is -bc (base 15) in base 3?
-20120
-1 (base 14) to base 6
-1
51 (base 8) to base 3
1112
What is 2 (base 6) in base 10?
2
What is 46 (base 15) in base 13?
51
Convert -39 (base 14) to base 8.
-63
What is 1111 (base 4) in base 6?
221
-34 (base 5) to base 8
-23
What is -120 (base 3) in base 9?
-16
Convert 4 (base 14) to base 15.
4
2 (base 15) to base 6
2
What is 0 (base 14) in base 13?
0
15 (base 14) to base 6
31
What is -191 (base 10) in base 6?
-515
What is -d2 (base 16) in base 4?
-3102
2 (base 10) to base 7
2
Convert -a (base 15) to base 14.
-a
-3 (base 7) to base 4
-3
What is 2 (base 9) in base 3?
2
Convert 441 (base 6) to base 13.
100
What is -a (base 15) in base 11?
-a
What is 22 (base 6) in base 8?
16
What is -1 (base 15) in base 11?
-1
-3 (base 8) to base 7
-3
What is 214 (base 5) in base 2?
111011
Convert -4 (base 14) to base 13.
-4
-8 (base 11) to base 6
-12
Convert 3 (base 13) to base 8.
3
What is -6 (base 14) in base 9?
-6
Convert 54 (base 12) to base 16.
40
Convert 3 (base 5) to base 13.
3
-191 (base 11) to base 13
-140
What is -13 (base 9) in base 8?
-14
Convert -69 (base 15) to base 8.
-143
Convert -8 (base 11) to base 16.
-8
Convert -10 (base 3) to base 12.
-3
What is -30 (base 14) in base 3?
-1120
Convert -430 (base 5) to base 4.
-1303
What is 181 (base 9) in base 3?
12201
Convert -2 (base 8) to base 12.
-2
Convert 17 (base 9) to base 15.
11
What is 2 (base 7) in base 10?
2
What is -1 (base 14) in base 4?
-1
-3 (base 9) to base 5
-3
What is -85 (base 16) in base 3?
-11221
Convert -1 (base 4) to base 9.
-1
-a (base 15) to base 7
-13
What is 0 (base 10) in base 15?
0
What is -10111 (base 2) in base 7?
-32
2 (base 11) to base 4
2
What is -11 (base 2) in base 6?
-3
14 (base 7) to base 10
11
What is 4 (base 6) in base 12?
4
What is -4 (base 11) in base 6?
-4
1 (base 2) to base 5
1
What is 101001 (base 2) in base 15?
2b
1020 (base 4) to base 10
72
-1 (base 11) to base 2
-1
Convert 5 (base 12) to base 15.
5
What is 11 (base 9) in base 13?
a
What is 12 (base 13) in base 9?
16
What is 1112 (base 4) in base 9?
105
Convert c2 (base 15) to base 6.
502
-2 (base 5) to base 11
-2
-8 (base 14) to base 3
-22
What is -1 (base 10) in base 9?
-1
What is 10 (base 3) in base 15?
3
0 (base 8) to base 15
0
Convert -3 (base 16) to base 6.
-3
-16 (base 15) to base 12
-19
Convert -24 (base 12) to base 6.
-44
What is de (base 16) in base 13?
141
What is -b (base 12) in base 5?
-21
22 (base 13) to base 6
44
Convert -116 (base 10) to base 14.
-84
4 (base 5) to base 11
4
What is -1001 (base 2) in base 16?
-9
35 (base 14) to base 10
47
Convert 11100 (base 2) to base 6.
44
Convert 1 (base 10) to base 12.
1
2 (base 11) to base 13
2
Convert 31 (base 5) to base 7.
22
Convert 0 (base 15) to base 9.
0
What is -62 (base 14) in base 12?
-72
Convert -132 (base 5) to base 11.
-39
What is 52 (base 12) in base 13?
4a
-525 (base 7) to base 3
-100210
What is -5 (base 6) in base 11?
-5
-1 (base 15) to base 9
-1
What is -8 (base 12) in base 5?
-13
What is -1 (base 10) in base 16?
-1
Convert 113 (base 7) to base 10.
59
What is 3 (base 12) in base 15?
3
1a (base 11) to base 12
19
What is -19 (base 14) in base 13?
-1a
332 (base 4) to base 11
57
What is -11010 (base 2) in base 10?
-26
Convert 39 (base 16) to base 9.
63
Convert -30 (base 6) to base 2.
-10010
What is 3 (base 12) in base 9?
3
What is 1 (base 2) in base 11?
1
Convert -4 (base 12) to base 3.
-11
10 (base 2) to base 14
2
What is -3 (base 4) in base 14?
-3
Convert -62 (base 15) to base 3.
-10102
Convert 3 (base 10) to base 12.
3
What is 12 (base 7) in base 5?
14
What is -37 (base 15) in base 6?
-124
Convert 15 (base 12) to base 4.
101
What is 9 (base 10) in base 9?
10
What is 2 (base 14) in base 5?
2
Convert 1 (base 16) to base 13.
1
What is -1 (base 14) in base 11?
-1
-1123 (base 4) to base 15
-61
What is 2 (base 16) in base 6?
2
What is 1 (base 10) in base 11?
1
What is -4 (base 16) in base 5?
-4
212 (base 6) to base 7
143
Convert -3 (base 5) to base 11.
-3
Convert -101 (base 9) to base 5.
-312
Convert -22 (base 7) to base 6.
-24
What is 231 (base 12) in base 15?
16a
Convert 72 (base 8) to base 11.
53
What is -1a (base 14) in base 7?
-33
Convert -12 (base 9) to base 2.
-1011
What is -3 (base 11) in base 3?
-10
Convert -6 (base 8) to base 10.
-6
-23 (base 8) to base 16
-13
122 (base 4) to base 16
1a
Convert -2 (base 16) to base 2.
-10
Convert 300 (base 4) to base 3.
1210
-4 (base 16) to base 8
-4
Convert -11010011 (base 2) to base 14.
-111
Convert 30 (base 8) to base 15.
19
10 (base 10) to base 14
a
11 (base 4) to base 7
5
Convert 1 (base 16) to base 12.
1
-333 (base 4) to base 10
-63
What is 1310 (base 4) in base 8?
164
-11101100 (base 2) to base 11
-1a5
What is 1c (base 14) in base 4?
122
Convert -9 (base 15) to base 2.
-1001
What is 210 (base 4) in base 5?
121
Convert -3 (base 11) to base 9.
-3
Convert -1 (base 8) to base 7.
-1
-203 (base 6) to base 12
-63
10 (base 10) to base 15
a
Convert -145 (base 7) to base 16.
-52
-84 (base 9) to base 16
-4c
What is -4 (base 12) in base 4?
-10
Convert -11 (base 3) to base 2.
-100
What is -10a (base 13) in base 5?
-1204
Convert 143 (base 7) to base 3.
2222
-5 (base 13) to base 3
-12
Convert -9 (base 13) to base 14.
-9
-202 (base 8) to base 16
-82
What is 32 (base 6) in base 16?
14
36 (base 8) to base 12
26
-e (base 15) to base 3
-112
Convert -41 (base 8) to base 12.
-29
Convert -3 (base 14) to base 5.
-3
Convert 74 (base 8) to base 16.
3c
2 (base 7) to base 10
2
3 (base 9) to base 11
3
Convert 1 (base 12) to base 14.
1
Convert -133 (base 7) to base 11.
-67
What is 11000 (base 2) in base 14?
1a
What is 1 (base 3) in base 16?
1
Convert -3 (base 5) to base 13.
-3
Convert 5 (base 6) to base 15.
5
5 (base 15) to base 3
12
Convert -30 (base 4) to base 9.
-13
-a (base 11) to base 6
-14
0 (base 16) to base 9
0
What is 1 (base 16) in base 5?
1
Convert -5 (base 13) to base 15.
-5
What is 17 (base 16) in base 11?
21
Convert -110 (base 3) to base 4.
-30
Convert -3 (base 5) to base 2.
-11
102 (base 6) to base 15
28
-18 (base 9) to base 4
-101
What is -53 (base 11) in base 14?
-42
Convert -27 (base 13) to base 9.
-36
What is 5 (base 16) in base 2?
101
What is -11 (base 12) in base 11?
-12
10010 (base 2) to base 4
102
Convert 2001 (base 3) to base 12.
47
5 (base 10) to base 12
5
-61 (base 8) to base 11
-45
241 (base 8) to base 15
ab
What is -3 (base 7) in base 10?
-3
What is 85 (base 11) in base 3?
10110
What is -33 (base 4) in base 12?
-13
46 (base 13) to base 12
4a
Convert 1 (base 5) to base 7.
1
What is 10100 (base 3) in base 9?
110
Convert -214 (base 6) to base 15.
-57
-63 (base 15) to base 2
-1011101
What is 15 (base 15) in base 10?
20
Convert 101111 (base 2) to base 16.
2f
3 (base 7) to base 9
3
What is 0 (base 10) in ba